**2 + 2*l - 8. Let o be c(4). Let k = o - -85. Calculate the remainder when 18 is divided by k/(-12) + (-1)/4.
8
Suppose -5*r + 124 = -3*x, -4*r - 18 = 2*x - 126. Let t be 0*6/(4 - -2). Suppose t = -66*o + 58*o + 88. Calculate the remainder when r is divided by o.
4
Let m(d) = -d**3 - 26*d**2 - 20*d + 148. What is the remainder when 271 is divided by m(-25)?
18
Let q(z) = -3*z**2 + 36*z + 358. Calculate the remainder when q(13) is divided by 81.
76
Suppose -10*i = 164*i - 51156. Calculate the remainder when i is divided by 96.
6
What is the remainder when (70/(-280))/((-1)/1844) is divided by 22?
21
Suppose 3*t - 702 = 16*t. Calculate the remainder when 36/t*(-591)/2 is divided by 25.
22
Let a = 1450 + -1430. What is the remainder when 97 is divided by a?
17
Calculate the remainder when 15033 is divided by (-8)/(112/(-230) - (-108)/1242).
13
Suppose 4*f - 40 = -5*c, -6 = -5*c + 14. Let h(p) = 4 - 6*p + 19 + f*p + 7. Calculate the remainder when h(-21) is divided by 28.
23
Let r be (-1)/(-3) - (-260)/30. Suppose -o = -4*y + 50, -2*o = -y - 0 + r. Calculate the remainder when 90 is divided by y.
12
Suppose 88 = 4*n + 8. Let l be 81/18*1/(3/n). Let c = l - 9. Calculate the remainder when c is divided by 12.
9
Let a = -20106 + 20127. Calculate the remainder when 2516 is divided by a.
17
Let n(m) be the third derivative of -7/30*m**5 + 6*m**2 + 0 + 3*m**3 - 1/120*m**6 + 0*m - 5/24*m**4. What is the remainder when n(-14) is divided by 23?
19
Suppose -3*o + 433 = -y, 692*y = 2*o + 690*y - 290. Calculate the remainder when o is divided by 46.
6
Let g(o) = o**3 - 27*o**2 + 26*o + 59. Let u be g(26). Suppose -k + 56 - 52 = 0, 5*z = 4*k + u. What is the remainder when 192 is divided by z?
12
Suppose -c + 17 = 4*k + k, 0 = -4*k + 8. Suppose -39 = -10*f + c*f. Suppose 0 = -f*t + 4*t + 855. Calculate the remainder when t is divided by 32.
31
Let k = -1656 + 5015. What is the remainder when k is divided by 112?
111
Let c(l) = 8 - 19*l + 122*l**2 - 129*l**2 - 16*l + 8*l + l**3. What is the remainder when c(10) is divided by 3/(-12) - (-185)/20?
2
Let f(q) = -q**2 + 3*q - 1. Let l be f(1). Let x be l/(26/360) + 6/39. Let m = x - 1. Calculate the remainder when m is divided by 3.
1
Suppose 0 = -6*u + 515 - 185. Let r(f) = f - 3. Let d be r(6). Suppose i = -d*t + 31 + 13, 5*t = -5*i + 80. Calculate the remainder when u is divided by t.
13
Let d = 4343 + -4332. What is the remainder when 11910 is divided by d?
8
Suppose -5*r = 3*u + 2 + 3, 2*r - 4 = 0. Let d = u + 18. What is the remainder when 102 is divided by d?
11
Calculate the remainder when ((-20)/(-350) + 2570/(-2100))*-978 is divided by 407.
327
Suppose 4*c = -32 + 192. Let p = 2744 - 1406. Suppose 0 = -11*a - c + p. Calculate the remainder when a is divided by 12.
10
Let x = -49 + 47. Let g be -3*4/(-12) - 52 - x. Let b = g + 65. Calculate the remainder when 93 is divided by b.
13
Let w(i) = 4*i + 195. Let q be w(-27). Suppose -14*f + q = -81. What is the remainder when (2/(-2))/((-2)/118) is divided by f?
11
Let k = 21 + 0. Suppose 2*w - 77 = -j - 4*j, 0 = 3*w - 4*j - 81. Calculate the remainder when w is divided by k.
10
Let t(o) be the second derivative of o**3/3 + 3*o. Let s be t(0). Suppose s = -2*j + 42 + 180. Calculate the remainder when j is divided by 19.
16
Let h = -7382 + 7407. Calculate the remainder when 431 is divided by h.
6
Suppose -1669*c = -1648*c - 483. What is the remainder when 108 is divided by c?
16
Suppose 119*h + 6045 = 314*h. What is the remainder when 1672 is divided by h?
29
Let a = 1 + 1. Suppose -f = 2*s - 18, 0 = f - a*f - 3*s + 20. What is the remainder when f is divided by (-6)/(-9)*(111/6 + -5)?
5
Suppose -4*f - 3*b + 16206 = 0, -b = 119*f - 117*f - 8104. What is the remainder when f is divided by 39?
36
Let t be (6*10/(-4))/(54/(-54)). Suppose 2*p - t*p = -429. Calculate the remainder when p is divided by 17.
16
Let q(b) = b**2 - 38*b - 616. What is the remainder when q(61) is divided by 18?
13
Let j = 1702 - 1528. What is the remainder when 8525 is divided by j?
173
Suppose -25*u + 764 = -86. Suppose 0 = 5*q + 4*n - 128, 5*n - u = -3*q + 2*q. Calculate the remainder when q is divided by 11.
2
Suppose -b = 2*f - 2757, 259 = f + b - 1118. Calculate the remainder when f is divided by 459.
3
Let n(u) = -6*u - 39. Let l(f) = f**2 + 8*f + 9. Let g be l(-4). What is the remainder when 490/50 - (-1)/5 is divided by n(g)?
1
Suppose 4*i - 7*i = -126. Suppose -7*c = -8*c + i. Calculate the remainder when 207 + 2 + (-2)/1 is divided by c.
39
Let d(u) = -951*u + 18132. What is the remainder when d(19) is divided by ((-24)/2)/((-3)/8)?
31
Let s(u) = -4*u**3 - 102*u**2 + 57*u + 148. Calculate the remainder when (-2)/(-3) + 344/6 is divided by s(-26).
4
Let j(g) = g**2 - 408*g + 2821. What is the remainder when 25352 is divided by j(7)?
12
Let y(r) = -r**3 + 44*r**2 - 287*r + 1. Calculate the remainder when 104 is divided by y(36).
30
Let n = 95 - 65. Suppose 3*p + 9 - n = 0. Suppose 752*s - 387*s = 1825. Calculate the remainder when p is divided by s.
2
Let u = -1758 - -1811. What is the remainder when 96 is divided by u?
43
Let x(r) = -16*r**2 - 154*r - 16. Calculate the remainder when 248 is divided by x(-9).
26
Suppose 158 = 3*c + 14*b, 0*b - 156 = -4*c - 5*b. What is the remainder when 384 is divided by c?
10
Suppose 9*i - 10*i = 275. Let z = i + 407. What is the remainder when z is divided by 46?
40
Suppose -8*n + 10*n + 208 = 28*n. Calculate the remainder when 2159 is divided by n.
7
Let y(h) = 8*h**2 - 11. Calculate the remainder when y(-3) is divided by (-2)/20 - ((-2353)/130 - -5).
9
Suppose -335*t + 93*t + 7413 = 111*t. Let i(y) = -y**3 - y**2 + 124. What is the remainder when i(0) is divided by t?
19
Let v be (-468)/(-84) + 4/(-7). Suppose 0 = -v*t - 17 + 7, 3*t + 38 = 2*k. What is the remainder when k is divided by 15?
1
Suppose 6*t - 89 + 23 = 0. Let p(s) = -s + 11. Let v be p(t). Suppose 5*x = k, v*x - x = -3*k + 14. What is the remainder when 8 is divided by k?
3
Let l = -412 + 549. What is the remainder when 814 is divided by l?
129
What is the remainder when 312 is divided by (-13 - -7) + 5 + 124?
66
Calculate the remainder when 111 is divided by 10/((-5)/(-1)) - (-60 + 11 + -5).
55
Suppose 0 = 2*m + r + 62, -11 = 4*r + 5. Let n be (-52)/5 + 6/15. Let u = n - m. Calculate the remainder when u is divided by 5.
4
Suppose -14*p + 46*p + 146 - 914 = 0. What is the remainder when 521 is divided by p?
17
Suppose 1740*h - 20199 = 8488 + 11876 + 4677. Let m(q) = 13*q**2 - 3*q + 3. Calculate the remainder when m(-3) is divided by h.
25
Suppose 32 = -10*r + 18*r. Calculate the remainder when r is divided by 7 + -5 - (-4)/8*4.
0
Let p = -75 - -127. Suppose 0 = -19*q + 617 - 47. Calculate the remainder when p is divided by q.
22
Let r = -190 - -266. Suppose 78*f - r*f + 2*d = 216, 0 = 2*f - d - 228. What is the remainder when f is divided by 20?
12
Suppose d + 1357 - 1373 = 0. Suppose -24*v + 3624 = -d*v. Calculate the remainder when v is divided by 13.
11
Let y(n) = -2*n**3 - 14*n**2 + 14*n - 16. Let r be y(-8). Suppose 44*f - 33*f - 913 = r. Calculate the remainder when 1908 is divided by f.
82
Let d = -12 - -39. Let a be (148/10)/(-2 + d/15). Let n = a + 81. Calculate the remainder when 26 is divided by n.
5
Suppose -4*w - 919 = n + 14, -207 = w - 5*n. What is the remainder when 111 is divided by (3/(-6))/(2/w)?
53
Let u be (-4)/(-14) + 570/(-133) - -4. Suppose 4*y + u*y - 32 = 0. Calculate the remainder when 31 is divided by y.
7
Let y = 4342 + -4316. Calculate the remainder when 129 is divided by y.
25
Suppose m - 226 = -5*r, -136*r - m = -140*r + 179. Let c(j) = -j - 11. Let z be c(-7). Calculate the remainder when 34 is divided by (r/10)/((-2)/z).
7
Calculate the remainder when 89 + 0*15/(-45) is divided by 14.
5
Let q(k) = 2*k - 130. Let p be q(27). Let n = 81 + p. What is the remainder when n is divided by 2?
1
Let i be 4*(-187)/(-4)*(0 - 1). Let m = i + 204. What is the remainder when 63 is divided by m?
12
Let i(k) = k**2 + 219*k - 2283. What is the remainder when 146 is divided by i(10)?
6
Let j(q) = 12*q - 33*q + 52 + 3*q - q**2 + 6*q. Calculate the remainder when 50 is divided by j(-14).
2
Let z be (-2)/(-7) + 1211/49. Let w = 68 - z. Suppose -5*m = -3*m - 18.